
Calculate the greatest common factor of 8911 and 3.
1
Calculate the greatest common factor of 1233 and 53567.
137
Calculate the greatest common divisor of 693 and 6678.
63
What is the greatest common divisor of 1340900 and 3795?
1265
Calculate the highest common divisor of 982647 and 72.
9
Calculate the highest common divisor of 2139 and 668484.
93
What is the greatest common divisor of 3776 and 968?
8
Calculate the highest common divisor of 439556 and 321.
107
What is the highest common factor of 3772 and 11937?
23
What is the greatest common factor of 1200 and 1680?
240
Calculate the greatest common factor of 331 and 7.
1
Calculate the highest common divisor of 284 and 296851.
71
What is the highest common divisor of 1014 and 103766?
338
Calculate the greatest common divisor of 98569 and 2045.
409
Calculate the greatest common factor of 712 and 1304.
8
Calculate the highest common divisor of 288 and 107658.
18
What is the greatest common divisor of 1400 and 1640?
40
What is the highest common factor of 12285 and 780?
195
What is the greatest common factor of 298 and 25181?
149
Calculate the greatest common divisor of 12150 and 25362.
18
What is the highest common divisor of 143192 and 238?
14
What is the highest common divisor of 35259 and 1314?
219
What is the highest common divisor of 40 and 35505?
5
What is the highest common factor of 1247 and 870?
29
Calculate the greatest common factor of 11 and 177166.
11
Calculate the greatest common divisor of 906525 and 2607.
237
What is the highest common divisor of 441 and 423?
9
Calculate the greatest common factor of 565 and 28363.
113
Calculate the greatest common divisor of 79947 and 24111.
1269
Calculate the highest common factor of 5995 and 13255.
55
Calculate the greatest common factor of 58 and 122351.
29
What is the highest common factor of 10329 and 7854?
33
What is the greatest common divisor of 100891 and 696?
29
What is the greatest common factor of 16 and 495120?
16
Calculate the highest common divisor of 111 and 9361.
37
What is the greatest common divisor of 595 and 35683?
17
What is the greatest common factor of 28 and 1170827?
7
What is the highest common divisor of 155596 and 28?
28
What is the greatest common divisor of 3614 and 650?
26
What is the highest common divisor of 39 and 38441?
13
Calculate the highest common divisor of 21537 and 9.
9
Calculate the highest common divisor of 1762437 and 1866.
933
Calculate the greatest common divisor of 154663 and 844.
211
What is the highest common factor of 1737153 and 33?
33
What is the greatest common factor of 51350 and 6950?
50
What is the greatest common divisor of 383805 and 15?
15
Calculate the greatest common divisor of 276 and 100428.
12
Calculate the greatest common divisor of 341088 and 330.
66
What is the highest common factor of 10764 and 507?
39
What is the greatest common divisor of 888 and 3602616?
888
Calculate the greatest common divisor of 9085 and 2415.
115
Calculate the greatest common divisor of 23310 and 12580.
370
What is the highest common factor of 20045 and 380?
95
Calculate the greatest common factor of 924 and 13188.
84
Calculate the highest common factor of 2296 and 2009.
287
Calculate the greatest common factor of 17400 and 810.
30
Calculate the greatest common factor of 4369 and 85.
17
Calculate the highest common factor of 124748 and 104.
52
What is the highest common divisor of 49452 and 624?
156
What is the greatest common factor of 285084 and 396?
36
What is the highest common factor of 18 and 29547?
9
Calculate the highest common divisor of 56 and 11176256.
56
What is the greatest common divisor of 63 and 608181?
21
Calculate the highest common divisor of 28823 and 42066.
779
Calculate the highest common factor of 36 and 6561.
9
Calculate the greatest common factor of 38 and 4390121.
19
What is the highest common divisor of 723546 and 54?
54
Calculate the greatest common divisor of 1550507 and 49.
49
Calculate the highest common factor of 88 and 2487364.
44
Calculate the greatest common divisor of 4123240 and 440.
440
Calculate the greatest common divisor of 83248 and 48.
16
What is the greatest common factor of 550464 and 366?
366
Calculate the greatest common factor of 454 and 325291.
227
Calculate the highest common divisor of 27 and 12645.
9
Calculate the greatest common factor of 312 and 7163.
13
Calculate the highest common factor of 2103 and 7164.
3
Calculate the highest common divisor of 28443 and 45999.
57
Calculate the highest common divisor of 544 and 25504.
32
Calculate the greatest common divisor of 398982 and 522.
174
Calculate the greatest common divisor of 3152 and 432.
16
Calculate the greatest common divisor of 363 and 1563.
3
Calculate the greatest common divisor of 290488 and 1144.
88
What is the greatest common divisor of 46184 and 3263?
251
Calculate the highest common divisor of 522 and 16992.
18
Calculate the highest common divisor of 1168 and 4.
4
Calculate the highest common divisor of 201 and 867851.
67
Calculate the greatest common factor of 12 and 3099.
3
What is the greatest common factor of 6 and 234375?
3
What is the greatest common divisor of 1972248 and 2664?
888
What is the highest common factor of 700 and 5033?
7
What is the greatest common divisor of 90 and 151770?
30
What is the highest common divisor of 1446 and 36?
6
What is the greatest common factor of 10122 and 1386?
42
Calculate the greatest common divisor of 19177 and 508.
127
Calculate the greatest common divisor of 8602 and 6.
2
Calculate the highest common factor of 388 and 1871324.
388
What is the highest common factor of 45 and 13690?
5
Calculate the greatest common divisor of 14448 and 16684.
172
What is the highest common factor of 438919 and 1482?
247
What is the highest common factor of 8 and 6240576?
8
What is the greatest common factor of 43802 and 242?
242
Calculate the highest common divisor of 15517 and 526.
263
What is the highest common divisor of 2017008 and 116?
116
Calculate the highest common divisor of 12798 and 23226.
474
What is the highest common factor of 2775 and 5325?
75
Calculate the greatest common factor of 4225 and 39377.
169
What is the greatest common divisor of 7181 and 2839?
167
Calculate the greatest common divisor of 10815 and 15965.
515
Calculate the greatest common divisor of 3900325 and 130.
65
Calculate the highest common divisor of 15577 and 185.
37
What is the greatest common factor of 386036 and 42?
14
What is the highest common divisor of 264 and 174273?
33
What is the highest common factor of 613137 and 1358?
679
Calculate the highest common divisor of 1128 and 44744.
376
Calculate the highest common factor of 2092103 and 299.
299
What is the highest common factor of 140 and 168280?
140
Calculate the highest common factor of 130 and 121810.
130
What is the greatest common divisor of 14346 and 522?
18
What is the greatest common divisor of 4428 and 32076?
108
Calculate the greatest common factor of 1075451 and 39.
13
What is the greatest common divisor of 469 and 545045?
67
What is the highest common divisor of 17473 and 1038?
173
What is the greatest common divisor of 1706617 and 1034?
517
Calculate the greatest common factor of 11 and 9163.
11
What is the greatest common factor of 341 and 11005?
31
Calculate the highest common divisor of 3372 and 312.
12
What is the highest common factor of 6039 and 99?
99
Calculate the highest common factor of 95840 and 60.
20
Calculate the highest common factor of 1720 and 64070.
430
Calculate the greatest common divisor of 353461 and 41.
41
What is the highest common factor of 275243 and 519?
173
Calculate the highest common factor of 663380 and 160.
20
What is the greatest common divisor of 13986 and 2226?
42
Calculate the greatest common divisor of 345 and 6375945.
345
What is the greatest common factor of 896 and 203?
7
Calculate the greatest common factor of 931397 and 205.
41
What is the highest common divisor of 257955 and 1015?
145
What is the greatest common divisor of 19952 and 324?
4
What is the highest common factor of 167 and 901633?
167
Calculate the highest common divisor of 12 and 165588.
12
What is the highest common divisor of 119168 and 9996?
196
What is the greatest common factor of 375 and 5247